{"id":329,"date":"2020-05-24T16:35:42","date_gmt":"2020-05-24T16:35:42","guid":{"rendered":"http:\/\/elaskreativecke.de\/?page_id=329"},"modified":"2024-12-29T15:49:03","modified_gmt":"2024-12-29T14:49:03","slug":"luederbacher-likoerkueche","status":"publish","type":"page","link":"https:\/\/elaskreativecke.de\/?page_id=329","title":{"rendered":"L\u00fcderbacher Lik\u00f6rk\u00fcche"},"content":{"rendered":"\n<p><\/p>\n\n\n\n<p>Lik\u00f6re aus eigener Herstellung meiner Mutter Karin Bauer-Blumenstiel.<\/p>\n\n\n\n<figure class=\"wp-block-image size-full\"><a href=\"http:\/\/elaskreativecke.de\/wp-content\/uploads\/2020\/05\/Lik_Tisch01.jpg\"><img loading=\"lazy\" decoding=\"async\" width=\"720\" height=\"401\" src=\"http:\/\/elaskreativecke.de\/wp-content\/uploads\/2020\/05\/Lik_Tisch01.jpg\" alt=\"\" class=\"wp-image-353\" srcset=\"https:\/\/elaskreativecke.de\/wp-content\/uploads\/2020\/05\/Lik_Tisch01.jpg 720w, https:\/\/elaskreativecke.de\/wp-content\/uploads\/2020\/05\/Lik_Tisch01-300x167.jpg 300w\" sizes=\"(max-width: 720px) 100vw, 720px\" \/><\/a><\/figure>\n\n\n\n<p>Meine Lik\u00f6re stammen alle aus eigener Herstellung. <br>Sie werden weitest gehend mit Fr\u00fcchten und Kr\u00e4utern aus dem heimischen Garten, Wald  und der Flur hergestellt.<br><br>Erreichen k\u00f6nnen Sie mich unter:<br>Karin Bauer Blumenstiel<br>Eichenbergstra\u00dfe 20<br>37296 Ringgau-L\u00fcderbach<br><br>bauer-blumenstiel(at)web.de<br><br>oder Telefonisch unter:<br>05659-1089<br>0176-30184834<br><\/p>\n\n\n\n<p><\/p>\n\n\n\n<div class=\"wp-block-columns is-layout-flex wp-container-core-columns-layout-1 wp-block-columns-is-layout-flex\">\n<div class=\"wp-block-column is-layout-flow wp-block-column-is-layout-flow\">\n<h5 class=\"wp-block-heading\">Lik\u00f6rsorten:<\/h5>\n\n\n\n<p>Bratapfellik\u00f6r<br>Buchenlik\u00f6r<br>Holunderbeerenlik\u00f6r<br>Ingwerlik\u00f6r<br>Kaffeelik\u00f6r<br>KiBroJoh<br>(Kirsch-Brombeer-Johannisbeeere)<br>Kirsch-Chililik\u00f6r<br>Knoblauchlik\u00f6r<br>Kr\u00e4uterlik\u00f6r<br>K\u00fcmmel-Rumlik\u00f6r<br>Quittenlik\u00f6r<br>Rhabarberlik\u00f6r<br>Rotweinlik\u00f6r<br>Schlehenlik\u00f6r<br>Wildkirschlik\u00f6r<br><\/p>\n\n\n\n<p><\/p>\n<\/div>\n\n\n\n<div class=\"wp-block-column is-layout-flow wp-block-column-is-layout-flow\">\n<figure class=\"wp-block-image size-medium\"><a href=\"http:\/\/elaskreativecke.de\/wp-content\/uploads\/2020\/05\/Lik_01.jpg\"><img loading=\"lazy\" decoding=\"async\" width=\"244\" height=\"300\" src=\"http:\/\/elaskreativecke.de\/wp-content\/uploads\/2020\/05\/Lik_01-244x300.jpg\" alt=\"\" class=\"wp-image-349\" srcset=\"https:\/\/elaskreativecke.de\/wp-content\/uploads\/2020\/05\/Lik_01-244x300.jpg 244w, https:\/\/elaskreativecke.de\/wp-content\/uploads\/2020\/05\/Lik_01.jpg 720w\" sizes=\"(max-width: 244px) 100vw, 244px\" \/><\/a><\/figure>\n\n\n\n<figure class=\"wp-block-image size-medium\"><a href=\"http:\/\/elaskreativecke.de\/wp-content\/uploads\/2020\/05\/Lik_02.jpg\"><img loading=\"lazy\" decoding=\"async\" width=\"236\" height=\"300\" src=\"http:\/\/elaskreativecke.de\/wp-content\/uploads\/2020\/05\/Lik_02-236x300.jpg\" alt=\"\" class=\"wp-image-350\" srcset=\"https:\/\/elaskreativecke.de\/wp-content\/uploads\/2020\/05\/Lik_02-236x300.jpg 236w, https:\/\/elaskreativecke.de\/wp-content\/uploads\/2020\/05\/Lik_02.jpg 720w\" sizes=\"(max-width: 236px) 100vw, 236px\" \/><\/a><\/figure>\n<\/div>\n\n\n\n<div class=\"wp-block-column is-layout-flow wp-block-column-is-layout-flow\"><\/div>\n<\/div>\n\n\n\n<figure class=\"wp-block-image size-large\"><a href=\"http:\/\/elaskreativecke.de\/wp-content\/uploads\/2020\/05\/LIK_Tisch03.jpg\"><img loading=\"lazy\" decoding=\"async\" width=\"720\" height=\"493\" src=\"http:\/\/elaskreativecke.de\/wp-content\/uploads\/2020\/05\/LIK_Tisch03.jpg\" alt=\"\" class=\"wp-image-355\" srcset=\"https:\/\/elaskreativecke.de\/wp-content\/uploads\/2020\/05\/LIK_Tisch03.jpg 720w, https:\/\/elaskreativecke.de\/wp-content\/uploads\/2020\/05\/LIK_Tisch03-300x205.jpg 300w\" sizes=\"(max-width: 720px) 100vw, 720px\" \/><\/a><\/figure>\n\n\n\n<p>Die Lik\u00f6re k\u00f6nnen Sie bei mir in gem\u00fctlicher Atmosph\u00e4re aussuchen und probieren.<\/p>\n\n\n\n<figure class=\"wp-block-image size-large\"><a href=\"http:\/\/elaskreativecke.de\/wp-content\/uploads\/2020\/05\/Lik_Tisch02.jpg\"><img loading=\"lazy\" decoding=\"async\" width=\"720\" height=\"665\" src=\"http:\/\/elaskreativecke.de\/wp-content\/uploads\/2020\/05\/Lik_Tisch02.jpg\" alt=\"\" class=\"wp-image-354\" srcset=\"https:\/\/elaskreativecke.de\/wp-content\/uploads\/2020\/05\/Lik_Tisch02.jpg 720w, https:\/\/elaskreativecke.de\/wp-content\/uploads\/2020\/05\/Lik_Tisch02-300x277.jpg 300w\" sizes=\"(max-width: 720px) 100vw, 720px\" \/><\/a><\/figure>\n\n\n\n<p>Gerne verpacke ich Ihre ausgew\u00e4hlten Flaschen als Geschenk oder bef\u00fclle Ihre eigenen Flaschen.<br><br>F\u00fcr die Abf\u00fcllung stehen wundersch\u00f6ne Flaschen oder Schmukflaschen zur Auswahl: <\/p>\n\n\n\n<div class=\"wp-block-columns is-layout-flex wp-container-core-columns-layout-2 wp-block-columns-is-layout-flex\">\n<div class=\"wp-block-column is-layout-flow wp-block-column-is-layout-flow\">\n<figure class=\"wp-block-image size-medium\"><a href=\"http:\/\/elaskreativecke.de\/wp-content\/uploads\/2020\/05\/Lik_Flasch01.jpg\"><img loading=\"lazy\" decoding=\"async\" width=\"182\" height=\"300\" src=\"http:\/\/elaskreativecke.de\/wp-content\/uploads\/2020\/05\/Lik_Flasch01-182x300.jpg\" alt=\"\" class=\"wp-image-351\" srcset=\"https:\/\/elaskreativecke.de\/wp-content\/uploads\/2020\/05\/Lik_Flasch01-182x300.jpg 182w, https:\/\/elaskreativecke.de\/wp-content\/uploads\/2020\/05\/Lik_Flasch01-620x1024.jpg 620w, https:\/\/elaskreativecke.de\/wp-content\/uploads\/2020\/05\/Lik_Flasch01.jpg 720w\" sizes=\"(max-width: 182px) 100vw, 182px\" \/><\/a><\/figure>\n\n\n\n<figure class=\"wp-block-image size-medium\"><a href=\"http:\/\/elaskreativecke.de\/wp-content\/uploads\/2020\/05\/Lik_Herz01.jpg\"><img loading=\"lazy\" decoding=\"async\" width=\"199\" height=\"300\" src=\"http:\/\/elaskreativecke.de\/wp-content\/uploads\/2020\/05\/Lik_Herz01-199x300.jpg\" alt=\"\" class=\"wp-image-352\" srcset=\"https:\/\/elaskreativecke.de\/wp-content\/uploads\/2020\/05\/Lik_Herz01-199x300.jpg 199w, https:\/\/elaskreativecke.de\/wp-content\/uploads\/2020\/05\/Lik_Herz01-680x1024.jpg 680w, https:\/\/elaskreativecke.de\/wp-content\/uploads\/2020\/05\/Lik_Herz01.jpg 720w\" sizes=\"(max-width: 199px) 100vw, 199px\" \/><\/a><\/figure>\n<\/div>\n\n\n\n<div class=\"wp-block-column is-layout-flow wp-block-column-is-layout-flow\">\n<p>Comet<br>Fass<br>Gl\u00fchbirne<br>Hase<br>Herz<br>Katze<br>Leuchtturm<br>LKW<br>Mond<br>Motorrad<br>Pferd<br>Schwein<br>Saxophon<br>Stern<br>Trompete<br><br>au\u00dferdem in<br>100ml, 200ml, 500ml und<br>700ml Standardflaschen<br><br>Sie ben\u00f6tigen gr\u00f6\u00dfere Mengen oder besondere Flaschen<\/p>\n\n\n\n<ul>\n<li>f\u00fcr Ihre Familienfeiern<\/li>\n\n\n\n<li>Pr\u00e4sente f\u00fcr Ihre Gesch\u00e4ftsfreunde<\/li>\n\n\n\n<li>Weihnachtsgeschenke<\/li>\n\n\n\n<li>besondere Flaschen zu besonderen Anl\u00e4ssen<\/li>\n\n\n\n<li>oder oder oder &#8230;..<\/li>\n<\/ul>\n\n\n\n<p>Ich bin Ihnen gern bei Ihrer Auswahl behilflich.<\/p>\n<\/div>\n\n\n\n<div class=\"wp-block-column is-layout-flow wp-block-column-is-layout-flow\"><\/div>\n<\/div>\n","protected":false},"excerpt":{"rendered":"<p>Lik\u00f6re aus eigener Herstellung meiner Mutter Karin Bauer-Blumenstiel. Meine Lik\u00f6re stammen alle aus eigener Herstellung. Sie werden weitest gehend mit Fr\u00fcchten und Kr\u00e4utern aus dem heimischen Garten, Wald und der Flur hergestellt. Erreichen k\u00f6nnen Sie mich unter:Karin Bauer BlumenstielEichenbergstra\u00dfe 2037296 Ringgau-L\u00fcderbach bauer-blumenstiel(at)web.de oder Telefonisch unter:05659-10890176-30184834 Lik\u00f6rsorten: Bratapfellik\u00f6rBuchenlik\u00f6rHolunderbeerenlik\u00f6rIngwerlik\u00f6rKaffeelik\u00f6rKiBroJoh(Kirsch-Brombeer-Johannisbeeere)Kirsch-Chililik\u00f6rKnoblauchlik\u00f6rKr\u00e4uterlik\u00f6rK\u00fcmmel-Rumlik\u00f6rQuittenlik\u00f6rRhabarberlik\u00f6rRotweinlik\u00f6rSchlehenlik\u00f6rWildkirschlik\u00f6r Die Lik\u00f6re k\u00f6nnen Sie bei mir in gem\u00fctlicher Atmosph\u00e4re aussuchen und probieren. Gerne verpacke ich Ihre ausgew\u00e4hlten Flaschen als Geschenk oder bef\u00fclle Ihre eigenen Flaschen. F\u00fcr die Abf\u00fcllung stehen wundersch\u00f6ne Flaschen oder Schmukflaschen zur Auswahl: CometFassGl\u00fchbirneHaseHerzKatzeLeuchtturmLKWMondMotorradPferdSchweinSaxophonSternTrompete au\u00dferdem in100ml, 200ml, 500ml und700ml Standardflaschen Sie ben\u00f6tigen gr\u00f6\u00dfere Mengen oder besondere Flaschen Ich bin Ihnen gern bei Ihrer Auswahl behilflich.<\/p>\n","protected":false},"author":1,"featured_media":0,"parent":0,"menu_order":0,"comment_status":"closed","ping_status":"closed","template":"","meta":{"footnotes":""},"_links":{"self":[{"href":"https:\/\/elaskreativecke.de\/index.php?rest_route=\/wp\/v2\/pages\/329"}],"collection":[{"href":"https:\/\/elaskreativecke.de\/index.php?rest_route=\/wp\/v2\/pages"}],"about":[{"href":"https:\/\/elaskreativecke.de\/index.php?rest_route=\/wp\/v2\/types\/page"}],"author":[{"embeddable":true,"href":"https:\/\/elaskreativecke.de\/index.php?rest_route=\/wp\/v2\/users\/1"}],"replies":[{"embeddable":true,"href":"https:\/\/elaskreativecke.de\/index.php?rest_route=%2Fwp%2Fv2%2Fcomments&post=329"}],"version-history":[{"count":18,"href":"https:\/\/elaskreativecke.de\/index.php?rest_route=\/wp\/v2\/pages\/329\/revisions"}],"predecessor-version":[{"id":566,"href":"https:\/\/elaskreativecke.de\/index.php?rest_route=\/wp\/v2\/pages\/329\/revisions\/566"}],"wp:attachment":[{"href":"https:\/\/elaskreativecke.de\/index.php?rest_route=%2Fwp%2Fv2%2Fmedia&parent=329"}],"curies":[{"name":"wp","href":"https:\/\/api.w.org\/{rel}","templated":true}]}}